- 5. Suppose 0*p - p + 7 = m. What is the highest common factor of 56 and p?
7
Let i be 5/10 - (-23)/2. Let p = 62 - i. Suppose 4*r = -5*x + 63, 5*x - p = -r + 22. Calculate the highest common factor of 15 and x.
15
Suppose -b + 141 = 5*g, -3*b + 1 = -2. Calculate the greatest common factor of g and 21.
7
Let f(u) = u**3 + 6*u**2 - 16*u + 8. Let l be f(-8). What is the highest common factor of l and 168?
8
Let m(g) = -2*g**3 - 20*g**2 - 87*g - 18. Let h be m(-9). Calculate the greatest common factor of h and 67.
67
Let v = -966 - -1617. Calculate the highest common factor of v and 21.
21
Suppose 23*k + 14*k - 19425 = 0. Suppose 7 = 3*a + 1. Suppose 0 = -v - 4*h + 105, 5*v + a*h = -h + k. What is the greatest common factor of 42 and v?
21
Let t be 151/2 - (-447)/(-298). What is the greatest common divisor of t and 333?
37
Let y = -4 - -22. Let x be (-26)/(-481) - (-8860)/370. What is the greatest common factor of y and x?
6
Let b(o) = -3*o**2 - 56*o + 4. Let d be b(-18). Calculate the greatest common divisor of d and 8.
8
Let z be 12 + -6 + 134 + 0. Let v = 0 - -20. What is the highest common factor of z and v?
20
Let i be -9 + 5 - (-4 - 2) - -6. What is the greatest common factor of i and 88?
8
Suppose 33*g = 4*t + 38*g - 41, 3*t - 2*g = 25. Calculate the greatest common factor of t and 45.
9
Let m(x) = 13*x + 75. Let p be m(-2). Calculate the highest common factor of 35 and p.
7
Suppose 0 = -5*n + 13 + 7. Calculate the highest common divisor of 116 and n.
4
Let f = 33 + -22. What is the highest common divisor of 1397 and f?
11
Let i be 3/4 - (-218)/8. Let j be 8/i + 2609/7. Let v = j - 245. What is the greatest common divisor of 16 and v?
16
Let g = -782 + 784. Calculate the highest common divisor of 38 and g.
2
Let u(r) = 134*r**3 + 2*r - r**2 - r**2 - 43*r**3. Let d be u(1). Calculate the greatest common factor of 13 and d.
13
Suppose y + v - 874 = 0, -3*y - 5*v = -3 - 2621. Calculate the greatest common divisor of 9 and y.
9
Let v = 148 - 242. Let u = -82 - v. What is the greatest common factor of 3 and u?
3
Let z(t) = -3*t + 35. Let x be z(5). What is the greatest common divisor of 70 and x?
10
Suppose 3*n = 437 - 149. Calculate the greatest common divisor of n and 336.
48
Let z = -14 + 17. Suppose -z*j + 3*k + 1048 = -k, 0 = 2*j + 4*k - 672. Let w = j + -240. Calculate the highest common factor of w and 13.
13
Let d be 1/(-1)*(-11 + 10) + 3. Suppose i = d*o - 27 + 8, 0 = 4*i - 2*o + 6. Calculate the greatest common divisor of 3 and i.
1
Suppose 0 = 33*k - 3*k - 5700. Calculate the greatest common factor of k and 95.
95
Let k = -142 - -169. Let x = k + 39. What is the greatest common factor of x and 6?
6
Suppose 3*a - 6*a = -3. Let i be a/(-3) + (-28)/(-3). Suppose -53*r + 162 = -2223. What is the highest common factor of i and r?
9
Suppose 0*x - 5*r = x - 16, 2*x + r - 5 = 0. What is the highest common factor of 23 and x?
1
Suppose 2*i = -i + 462. Let t(v) = v**3 + 12*v**2 - 47*v - 16. Let g be t(-15). What is the highest common factor of g and i?
14
Let w(p) = -13*p - 230. Let j be w(-22). What is the greatest common divisor of j and 216?
8
Let t be (-42)/(-7)*(-5)/(-6). Suppose -z + 12 = -t. What is the highest common factor of 85 and z?
17
Let f(k) = -2*k**2 + 19*k - 35. Let g be f(6). Let z = 50 - 1. Suppose 0 = -3*y + 4*y - z. Calculate the greatest common divisor of y and g.
7
Let f(m) = -44*m - 121. Let a be f(-5). Calculate the highest common factor of a and 693.
99
Let f be (1 + 16)/1 + -1. Suppose 5*k - 28 = 7. Suppose -k*g + 4*g = -6. Calculate the greatest common divisor of f and g.
2
Let x = -457 - -522. Calculate the greatest common factor of 5 and x.
5
Let v be 172/8 + (-2)/4. Suppose -5*t + 0*t = 0. Suppose -z = -3*y + 13 - 3, -4*z - 4 = t. Calculate the greatest common divisor of v and y.
3
Let l be (-18)/(-45) + (-4)/10. Suppose 2*j - j - f = 49, 2*j - 3*f - 102 = l. Calculate the greatest common divisor of j and 5.
5
Let g(z) be the third derivative of -z**6/120 - z**5/6 - 3*z**4/8 - 10*z**3/3 + 18*z**2. Let o be g(-10). What is the greatest common factor of o and 42?
14
Let j(y) = -y**3 + 14*y**2 - 2*y + 12. Let c be j(14). Let o = 10 + c. Let x be 2 + 3/(o/(-32)). Calculate the highest common factor of 198 and x.
18
Suppose 0 = 23*y - 22*y - 133. Let x = y - 37. Calculate the greatest common divisor of x and 24.
24
Let a be (1 - (-13)/3)/(16/24). Suppose a = 2*y + p, 7 + 6 = 5*y - p. What is the highest common factor of y and 33?
3
Let o(h) = -6*h + 164. Let z be o(22). Let f = -27 + 3. Let s = f - -72. Calculate the highest common divisor of z and s.
16
Let c(r) = r**2 + 16 - 8*r - 4 + r**2. Let s be c(7). What is the highest common divisor of s and 6?
6
Let l(b) = b**2 + 4*b - 7. Let m be l(-5). Let k be (-2)/8*22*m. Calculate the greatest common divisor of k and 33.
11
Suppose -610 = 5*n - 160. Let a = 119 + n. Calculate the highest common factor of a and 290.
29
Let j be (14/(-4) + 1)*-6. Let l = -13 - -40. Suppose l*q - 375 = 22*q. Calculate the highest common divisor of q and j.
15
Let m be 16 - (1 + 3 + -1). Let c = m - -3. Calculate the greatest common factor of c and 4.
4
Suppose -x - n = -15, 4*n = 6*n - 6. What is the highest common factor of 192 and x?
12
Suppose 3*o - 19 = 3*l - 2*o, -4 = 4*o. Let f be (-816)/(-10) - l/20. Calculate the highest common factor of 41 and f.
41
Let r(k) = -k - 3. Let v be r(-7). Suppose y + 5 + 1 = -4*b, 3*y - 46 = 4*b. Let z be 1208/5 + v/y. What is the highest common divisor of z and 22?
22
Suppose 0 = 7*h - 4*h - 6. Suppose -5*r + 0*g + 2*g - 162 = 0, 0 = h*r + 4*g + 60. Let y = r + 44. Calculate the greatest common divisor of 30 and y.
6
Let h = -170 + 331. What is the highest common divisor of h and 7?
7
Suppose -399 = -6*w + 3*w. Let v = 717 - 698. Calculate the highest common divisor of w and v.
19
Suppose 12 = 10*d - 4*d. Suppose -3*n = -d*x - 84 - 206, -4*n - 2*x = -382. Calculate the highest common factor of 72 and n.
24
Let o be (12/5)/(22/55). Calculate the greatest common factor of 750 and o.
6
Suppose 0*d - 3 = -3*d. Let q(w) = 17*w**2 + 4*w - 3. Let r be q(d). Let y(i) = 3*i - 3. Let g be y(5). Calculate the greatest common factor of r and g.
6
Suppose 8 - 256 = -4*r. Let x(h) = 4*h + 181. Let b be x(-22). What is the greatest common divisor of r and b?
31
Let p = 30 + -16. Suppose -93*c + 448 = -85*c. What is the highest common divisor of p and c?
14
Let r = 118 - 104. Calculate the highest common factor of r and 28.
14
Let a(d) = 4*d**2 + d. Let j be a(-1). Let o(g) = 4*g**2 - g - 1. Let c be o(j). Let r be c/6 - (-22)/33. What is the highest common divisor of r and 2?
2
Suppose -156 = 50*a - 56*a. What is the highest common divisor of a and 546?
26
Let h be 454/12 + 2/12. Suppose -126 + h = -4*v. Suppose -6 = -3*q, 2*n - 5*n - 4*q + 272 = 0. What is the highest common factor of v and n?
22
Suppose 0 = 2*z - 3*z. Suppose z = s - 5*v - 40, 3*s - 68 = -0*s + 2*v. What is the highest common divisor of s and 10?
10
Let a(b) = -b**2 + b + 1. Let f(g) = -3*g**2 - 5. Let v(n) = -3*a(n) - f(n). Let o be v(1). What is the highest common factor of 15 and o?
5
Let s = 11 - 6. Let n be s + (-1)/(-1) - -2. Let w be 9*2/n*52. Calculate the greatest common divisor of 13 and w.
13
Let d(p) = p**2 - 4*p + 14. Let w be d(6). Suppose 4*b = -4*s + 24, -b = -3*s - s - w. What is the highest common factor of 110 and b?
10
Suppose -3*n = 94 + 146. Let z = 144 + n. Suppose -2*k = h - 11, -3*k + 2*h + 9 = 5*h. Calculate the greatest common divisor of z and k.
8
Let z be (4 - (-44)/(-10))*(-13 - 817). What is the greatest common divisor of z and 12?
4
Suppose -3*z = -2*t + 2*z + 47, -2*z + 6 = 0. Suppose t + 97 = 4*w. Suppose 0 = -u + w - 5. Calculate the highest common factor of 3 and u.
3
Let h(b) = 4 + 10*b - 1 - 5 - 3*b. Let u be h(2). Suppose z = 6*z - 420. Calculate the greatest common factor of u and z.
12
Let f be (1 - -4)/((-2152)/308 + 7). What is the greatest common factor of 35 and f?
35
Let v be 12/(-48) + (-53)/(-4). Let q = -8 + v. Suppose 70 = q*s + 2*b, -4*s + 59 - 3 = 3*b. Calculate the highest common factor of s and 112.
14
Let a be 2/(-3) - (-231)/9. Let h(j) = -3*j**3 - 43*j**2 - 14*j + 10. Let k be h(-14). What is the highest common factor of a and k?
5
Let